{"id":2,"date":"2016-05-10T03:48:21","date_gmt":"2016-05-10T03:48:21","guid":{"rendered":"https:\/\/dominiqueantenen.ch\/?page_id=2"},"modified":"2023-02-15T13:53:57","modified_gmt":"2023-02-15T13:53:57","slug":"sample-page","status":"publish","type":"page","link":"https:\/\/dominiqueantenen.ch\/","title":{"rendered":"Page de bienvenue"},"content":{"rendered":"\n<div class=\"is-layout-flex wp-container-4 wp-block-columns\">\n<div class=\"is-layout-flow wp-block-column\" style=\"flex-basis:22.22%\">\n<figure class=\"wp-block-image size-full\"><img decoding=\"async\" loading=\"lazy\" width=\"640\" height=\"641\" src=\"https:\/\/dominiqueantenen.ch\/wp-content\/uploads\/2023\/02\/Dominique-Antenen.jpeg\" alt=\"\" class=\"wp-image-35\" srcset=\"https:\/\/dominiqueantenen.ch\/wp-content\/uploads\/2023\/02\/Dominique-Antenen.jpeg 640w, https:\/\/dominiqueantenen.ch\/wp-content\/uploads\/2023\/02\/Dominique-Antenen-300x300.jpeg 300w, https:\/\/dominiqueantenen.ch\/wp-content\/uploads\/2023\/02\/Dominique-Antenen-150x150.jpeg 150w\" sizes=\"(max-width: 640px) 100vw, 640px\" \/><\/figure>\n\n\n\n<figure class=\"wp-block-image\"><img alt=\"\"\/><\/figure>\n<\/div>\n\n\n\n<div class=\"is-layout-flow wp-block-column\" style=\"flex-basis:33.3%\">\n<p class=\"has-small-font-size\">Pr\u00e9sentateur TV, animateur et conf\u00e9rencier, Dominique Antenen manie la langue de Goethe et de Moli\u00e8re avec dext\u00e9rit\u00e9.<\/p>\n\n\n\n<p class=\"has-small-font-size\">Ses interventions se font avec comp\u00e9tence, spontan\u00e9it\u00e9 et permettent ainsi aux interlocuteurs de se sentir \u00e0 l&rsquo;aise lors de podiums de discussion ou de pr\u00e9sentation d&rsquo;\u00e9v\u00e9nements au niveau r\u00e9gional et national.<\/p>\n\n\n\n<p class=\"has-small-font-size\">Depuis de nombreuses ann\u00e9es dans le monde des m\u00e9dias t\u00e9l\u00e9vis\u00e9s, Dominique antenen est \u00e9galement un partenaire id\u00e9eal dans la pr\u00e9paration d&rsquo;une manifestation qui requiert le support de cette plateforme.<\/p>\n<\/div>\n\n\n\n<div class=\"is-layout-flow wp-block-column\" style=\"flex-basis:33.33%\">\n<p class=\"has-small-font-size\">Als TV-Moderator, Entertainer und Redner geht Dominique Antenen geschickt mit der Sprache von Goethe und Moli\u00e8re um.<\/p>\n\n\n\n<p class=\"has-small-font-size\">Seine Auftritte sind kompetent, spontan und sorgen daf\u00fcr, dass sich die Gespr\u00e4chspartner in Podiumsdiskussionen oder bei der Pr\u00e4sentation von Ereignissen auf regionaler und nationaler Ebene wohlf\u00fchlen.<\/p>\n\n\n\n<p class=\"has-small-font-size\">Seit vielen Jahren in der Welt der Fernsehmedien t\u00e4tig, ist Dominique antenen auch ein idealer Partner bei der Vorbereitung einer Veranstaltung, die die Unterst\u00fctzung dieser Plattform erfordert.<\/p>\n<\/div>\n<\/div>\n\n\n\n<div style=\"height:81px\" aria-hidden=\"true\" class=\"wp-block-spacer\"><\/div>\n\n\n\n<div class=\"is-layout-flex wp-container-8 wp-block-columns\">\n<div class=\"is-layout-flow wp-block-column\" style=\"flex-basis:66.66%\"><form role=\"search\" method=\"get\" action=\"https:\/\/dominiqueantenen.ch\/\" class=\"wp-block-search__button-outside wp-block-search__text-button wp-block-search\"><label for=\"wp-block-search__input-5\" class=\"wp-block-search__label screen-reader-text\">Rechercher<\/label><div class=\"wp-block-search__inside-wrapper \" ><input type=\"search\" id=\"wp-block-search__input-5\" class=\"wp-block-search__input wp-block-search__input\" name=\"s\" value=\"\" placeholder=\"Rechercher du contenu\"  required \/><button type=\"submit\" class=\"wp-block-search__button wp-element-button\"  >Rechercher<\/button><\/div><\/form><\/div>\n\n\n\n<div class=\"is-layout-flow wp-block-column\" style=\"flex-basis:33.33%\"><div class=\"wp-block-categories-dropdown wp-block-categories\"><label class=\"screen-reader-text\" for=\"wp-block-categories-1\">Cat\u00e9gories<\/label><select  name='cat' id='wp-block-categories-1' class='postform'>\n\t<option value='-1'>S\u00e9lectionner une cat\u00e9gorie<\/option>\n\t<option class=\"level-0\" value=\"6\">Foires &amp; Expositions&nbsp;&nbsp;(1)<\/option>\n\t<option class=\"level-0\" value=\"3\">HC Bienne&nbsp;&nbsp;(2)<\/option>\n\t<option class=\"level-0\" value=\"5\">Journal Biel\/Bienne&nbsp;&nbsp;(3)<\/option>\n\t<option class=\"level-0\" value=\"8\">Musique&nbsp;&nbsp;(1)<\/option>\n\t<option class=\"level-0\" value=\"7\">TV &amp; vid\u00e9os&nbsp;&nbsp;(1)<\/option>\n<\/select>\t<script type='text\/javascript'>\n\t\/* <![CDATA[ *\/\n\t( function() {\n\t\tvar dropdown = document.getElementById( 'wp-block-categories-1' );\n\t\tfunction onCatChange() {\n\t\t\tif ( dropdown.options[ dropdown.selectedIndex ].value > 0 ) {\n\t\t\t\tlocation.href = \"https:\/\/dominiqueantenen.ch\/?cat=\" + dropdown.options[ dropdown.selectedIndex ].value;\n\t\t\t}\n\t\t}\n\t\tdropdown.onchange = onCatChange;\n\t})();\n\t\/* ]]> *\/\n\t<\/script>\n\t\n<\/div><\/div>\n<\/div>\n\n\n\n<div style=\"height:80px\" aria-hidden=\"true\" class=\"wp-block-spacer\"><\/div>\n\n\n\n<hr class=\"wp-block-separator has-css-opacity is-style-twentytwentyone-separator-thick\"\/>\n\n\n\n<div style=\"height:70px\" aria-hidden=\"true\" class=\"wp-block-spacer\"><\/div>\n\n\n\n<p class=\"has-text-align-center\">Derniers articles mis en lignes<\/p>\n\n\n<ul class=\"wp-block-latest-posts__list is-grid columns-2 has-dates is-style-twentytwentyone-latest-posts-borders wp-block-latest-posts\"><li><a class=\"wp-block-latest-posts__post-title\" href=\"https:\/\/dominiqueantenen.ch\/?p=45\">Just Drink TV<\/a><time datetime=\"2023-02-08T09:29:00+00:00\" class=\"wp-block-latest-posts__post-date\">f\u00e9vrier 8, 2023<\/time><div class=\"wp-block-latest-posts__post-excerpt\">Interview avec Thomas Roost<\/div><\/li>\n<li><a class=\"wp-block-latest-posts__post-title\" href=\"https:\/\/dominiqueantenen.ch\/?p=8\">Fiers d&rsquo;\u00eatre Biennois<\/a><time datetime=\"2005-09-14T08:45:00+00:00\" class=\"wp-block-latest-posts__post-date\">septembre 14, 2005<\/time><div class=\"wp-block-latest-posts__post-excerpt\">Le HC-Bienne se pr\u00e9sente aux donateurs<\/div><\/li>\n<li><a class=\"wp-block-latest-posts__post-title\" href=\"https:\/\/dominiqueantenen.ch\/?p=20\">Bieler Messe &#8211; Foire de Bienne<\/a><time datetime=\"2005-09-07T08:55:00+00:00\" class=\"wp-block-latest-posts__post-date\">septembre 7, 2005<\/time><div class=\"wp-block-latest-posts__post-excerpt\">Ap\u00e9ro donn\u00e9 pour l&rsquo;ouverture de la foire de Bienne<\/div><\/li>\n<li><a class=\"wp-block-latest-posts__post-title\" href=\"https:\/\/dominiqueantenen.ch\/?p=82\">Cours Florent<\/a><time datetime=\"1985-08-08T09:58:00+00:00\" class=\"wp-block-latest-posts__post-date\">ao\u00fbt 8, 1985<\/time><div class=\"wp-block-latest-posts__post-excerpt\">Mes d\u00e9buts de ma formation th\u00e9\u00e2tre<\/div><\/li>\n<li><a class=\"wp-block-latest-posts__post-title\" href=\"https:\/\/dominiqueantenen.ch\/?p=85\">F\u00eate comme chez nous&#8230;<\/a><time datetime=\"1979-10-20T18:43:00+00:00\" class=\"wp-block-latest-posts__post-date\">octobre 20, 1979<\/time><div class=\"wp-block-latest-posts__post-excerpt\">Une heure et demie de la vie d\u2019une commune du Jura bernois \u00e0 la fin des ann\u00e9es 1970, anim\u00e9e par Michel D\u00e9n\u00e9riaz \u00e0 P\u00e9ry-Reuchenette<\/div><\/li>\n<\/ul>","protected":false},"excerpt":{"rendered":"<p>Pr\u00e9sentateur TV, animateur et conf\u00e9rencier, Dominique Antenen manie la langue de Goethe et de Moli\u00e8re avec dext\u00e9rit\u00e9. Ses interventions se font avec comp\u00e9tence, spontan\u00e9it\u00e9 et permettent ainsi aux interlocuteurs de se sentir \u00e0 l&rsquo;aise lors de podiums de discussion ou de pr\u00e9sentation d&rsquo;\u00e9v\u00e9nements au niveau r\u00e9gional et national. Depuis de nombreuses ann\u00e9es dans le monde&hellip; <a class=\"more-link\" href=\"https:\/\/dominiqueantenen.ch\/\">Poursuivre la lecture <span class=\"screen-reader-text\">Page de bienvenue<\/span><\/a><\/p>\n","protected":false},"author":1,"featured_media":0,"parent":0,"menu_order":0,"comment_status":"closed","ping_status":"open","template":"","meta":[],"_links":{"self":[{"href":"https:\/\/dominiqueantenen.ch\/index.php?rest_route=\/wp\/v2\/pages\/2"}],"collection":[{"href":"https:\/\/dominiqueantenen.ch\/index.php?rest_route=\/wp\/v2\/pages"}],"about":[{"href":"https:\/\/dominiqueantenen.ch\/index.php?rest_route=\/wp\/v2\/types\/page"}],"author":[{"embeddable":true,"href":"https:\/\/dominiqueantenen.ch\/index.php?rest_route=\/wp\/v2\/users\/1"}],"replies":[{"embeddable":true,"href":"https:\/\/dominiqueantenen.ch\/index.php?rest_route=%2Fwp%2Fv2%2Fcomments&post=2"}],"version-history":[{"count":20,"href":"https:\/\/dominiqueantenen.ch\/index.php?rest_route=\/wp\/v2\/pages\/2\/revisions"}],"predecessor-version":[{"id":75,"href":"https:\/\/dominiqueantenen.ch\/index.php?rest_route=\/wp\/v2\/pages\/2\/revisions\/75"}],"wp:attachment":[{"href":"https:\/\/dominiqueantenen.ch\/index.php?rest_route=%2Fwp%2Fv2%2Fmedia&parent=2"}],"curies":[{"name":"wp","href":"https:\/\/api.w.org\/{rel}","templated":true}]}}

<div class="is-layout-flex wp-container-4 wp-block-columns">
<div class="is-layout-flow wp-block-column" style="flex-basis:22.22%">
<figure class="wp-block-image size-full"><img decoding="async" loading="lazy" width="640" height="641" src="https://dominiqueantenen.ch/wp-content/uploads/2023/02/Dominique-Antenen.jpeg" alt="" class="wp-image-35" srcset="https://dominiqueantenen.ch/wp-content/uploads/2023/02/Dominique-Antenen.jpeg 640w, https://dominiqueantenen.ch/wp-content/uploads/2023/02/Dominique-Antenen-300x300.jpeg 300w, https://dominiqueantenen.ch/wp-content/uploads/2023/02/Dominique-Antenen-150x150.jpeg 150w" sizes="(max-width: 640px) 100vw, 640px" /></figure>



<figure class="wp-block-image"><img alt=""/></figure>
</div>



<div class="is-layout-flow wp-block-column" style="flex-basis:33.3%">
<p class="has-small-font-size">Présentateur TV, animateur et conférencier, Dominique Antenen manie la langue de Goethe et de Molière avec dextérité.</p>



<p class="has-small-font-size">Ses interventions se font avec compétence, spontanéité et permettent ainsi aux interlocuteurs de se sentir à l&rsquo;aise lors de podiums de discussion ou de présentation d&rsquo;événements au niveau régional et national.</p>



<p class="has-small-font-size">Depuis de nombreuses années dans le monde des médias télévisés, Dominique antenen est également un partenaire idéeal dans la préparation d&rsquo;une manifestation qui requiert le support de cette plateforme.</p>
</div>



<div class="is-layout-flow wp-block-column" style="flex-basis:33.33%">
<p class="has-small-font-size">Als TV-Moderator, Entertainer und Redner geht Dominique Antenen geschickt mit der Sprache von Goethe und Molière um.</p>



<p class="has-small-font-size">Seine Auftritte sind kompetent, spontan und sorgen dafür, dass sich die Gesprächspartner in Podiumsdiskussionen oder bei der Präsentation von Ereignissen auf regionaler und nationaler Ebene wohlfühlen.</p>



<p class="has-small-font-size">Seit vielen Jahren in der Welt der Fernsehmedien tätig, ist Dominique antenen auch ein idealer Partner bei der Vorbereitung einer Veranstaltung, die die Unterstützung dieser Plattform erfordert.</p>
</div>
</div>



<div style="height:81px" aria-hidden="true" class="wp-block-spacer"></div>



<div class="is-layout-flex wp-container-8 wp-block-columns">
<div class="is-layout-flow wp-block-column" style="flex-basis:66.66%"><form role="search" method="get" action="https://dominiqueantenen.ch/" class="wp-block-search__button-outside wp-block-search__text-button wp-block-search"><label for="wp-block-search__input-5" class="wp-block-search__label screen-reader-text">Rechercher</label><div class="wp-block-search__inside-wrapper " ><input type="search" id="wp-block-search__input-5" class="wp-block-search__input wp-block-search__input" name="s" value="" placeholder="Rechercher du contenu"  required /><button type="submit" class="wp-block-search__button wp-element-button"  >Rechercher</button></div></form></div>



<div class="is-layout-flow wp-block-column" style="flex-basis:33.33%"><div class="wp-block-categories-dropdown wp-block-categories"><label class="screen-reader-text" for="wp-block-categories-1">Catégories</label><select  name='cat' id='wp-block-categories-1' class='postform'>
	<option value='-1'>Sélectionner une catégorie</option>
	<option class="level-0" value="6">Foires &amp; Expositions&nbsp;&nbsp;(1)</option>
	<option class="level-0" value="3">HC Bienne&nbsp;&nbsp;(2)</option>
	<option class="level-0" value="5">Journal Biel/Bienne&nbsp;&nbsp;(3)</option>
	<option class="level-0" value="8">Musique&nbsp;&nbsp;(1)</option>
	<option class="level-0" value="7">TV &amp; vidéos&nbsp;&nbsp;(1)</option>
</select>	<script type='text/javascript'>
	/* <![CDATA[ */
	( function() {
		var dropdown = document.getElementById( 'wp-block-categories-1' );
		function onCatChange() {
			if ( dropdown.options[ dropdown.selectedIndex ].value > 0 ) {
				location.href = "https://dominiqueantenen.ch/?cat=" + dropdown.options[ dropdown.selectedIndex ].value;
			}
		}
		dropdown.onchange = onCatChange;
	})();
	/* ]]> */
	</script>
	
</div></div>
</div>



<div style="height:80px" aria-hidden="true" class="wp-block-spacer"></div>



<hr class="wp-block-separator has-css-opacity is-style-twentytwentyone-separator-thick"/>



<div style="height:70px" aria-hidden="true" class="wp-block-spacer"></div>



<p class="has-text-align-center">Derniers articles mis en lignes</p>


<ul class="wp-block-latest-posts__list is-grid columns-2 has-dates is-style-twentytwentyone-latest-posts-borders wp-block-latest-posts"><li><a class="wp-block-latest-posts__post-title" href="https://dominiqueantenen.ch/?p=45">Just Drink TV</a><time datetime="2023-02-08T09:29:00+00:00" class="wp-block-latest-posts__post-date">février 8, 2023</time><div class="wp-block-latest-posts__post-excerpt">Interview avec Thomas Roost</div></li>
<li><a class="wp-block-latest-posts__post-title" href="https://dominiqueantenen.ch/?p=8">Fiers d&rsquo;être Biennois</a><time datetime="2005-09-14T08:45:00+00:00" class="wp-block-latest-posts__post-date">septembre 14, 2005</time><div class="wp-block-latest-posts__post-excerpt">Le HC-Bienne se présente aux donateurs</div></li>
<li><a class="wp-block-latest-posts__post-title" href="https://dominiqueantenen.ch/?p=20">Bieler Messe &#8211; Foire de Bienne</a><time datetime="2005-09-07T08:55:00+00:00" class="wp-block-latest-posts__post-date">septembre 7, 2005</time><div class="wp-block-latest-posts__post-excerpt">Apéro donné pour l&rsquo;ouverture de la foire de Bienne</div></li>
<li><a class="wp-block-latest-posts__post-title" href="https://dominiqueantenen.ch/?p=82">Cours Florent</a><time datetime="1985-08-08T09:58:00+00:00" class="wp-block-latest-posts__post-date">août 8, 1985</time><div class="wp-block-latest-posts__post-excerpt">Mes débuts de ma formation théâtre</div></li>
<li><a class="wp-block-latest-posts__post-title" href="https://dominiqueantenen.ch/?p=85">Fête comme chez nous&#8230;</a><time datetime="1979-10-20T18:43:00+00:00" class="wp-block-latest-posts__post-date">octobre 20, 1979</time><div class="wp-block-latest-posts__post-excerpt">Une heure et demie de la vie d’une commune du Jura bernois à la fin des années 1970, animée par Michel Dénériaz à Péry-Reuchenette</div></li>
</ul>

<p>Présentateur TV, animateur et conférencier, Dominique Antenen manie la langue de Goethe et de Molière avec dextérité. Ses interventions se font avec compétence, spontanéité et permettent ainsi aux interlocuteurs de se sentir à l&rsquo;aise lors de podiums de discussion ou de présentation d&rsquo;événements au niveau régional et national. Depuis de nombreuses années dans le monde&hellip; <a class="more-link" href="https://dominiqueantenen.ch/">Poursuivre la lecture <span class="screen-reader-text">Page de bienvenue</span></a></p>
